{"id":45,"date":"2014-04-05T16:37:42","date_gmt":"2014-04-05T16:37:42","guid":{"rendered":"http:\/\/ferienwohnungwertach.de\/?page_id=45"},"modified":"2026-02-18T19:34:23","modified_gmt":"2026-02-18T19:34:23","slug":"welcome","status":"publish","type":"page","link":"https:\/\/ferienwohnungwertach.de\/","title":{"rendered":"Welcome"},"content":{"rendered":"<div id=\"attachment_357\" style=\"width: 310px\" class=\"wp-caption alignnone\"><a href=\"https:\/\/ferienwohnungwertach.de\/wp-content\/uploads\/2014\/04\/DSC09490.jpg\"><img loading=\"lazy\" decoding=\"async\" aria-describedby=\"caption-attachment-357\" class=\"size-medium wp-image-357\" src=\"https:\/\/ferienwohnungwertach.de\/wp-content\/uploads\/2014\/04\/DSC09490-300x225.jpg\" alt=\"unser Haus im Sommer\" width=\"300\" height=\"225\" srcset=\"https:\/\/ferienwohnungwertach.de\/wp-content\/uploads\/2014\/04\/DSC09490-300x225.jpg 300w, https:\/\/ferienwohnungwertach.de\/wp-content\/uploads\/2014\/04\/DSC09490-1024x768.jpg 1024w, https:\/\/ferienwohnungwertach.de\/wp-content\/uploads\/2014\/04\/DSC09490.jpg 1632w\" sizes=\"auto, (max-width: 300px) 100vw, 300px\" \/><\/a><p id=\"caption-attachment-357\" class=\"wp-caption-text\">unser Haus im Sommer<\/p><\/div>\n<h4><span style=\"color: #339966;\">Verbringen Sie Ihre sch\u00f6nsten Tage im Jahr im Haus *AMBIENTE* :<\/span><\/h4>\n<h5><span style=\"color: #000000;\">FERIENWOHNUNG\u00a0 und\u00a0 APPARTEMENT\/ZIMMER *AMBIENTE*<\/span><\/h5>\n<p>Sie m\u00f6chten es modern und doch ein bi\u00dfchen kuschlig traditionell? Unser Haus *AMBIENTE* sorgt f\u00fcr absolutes Wohlgef\u00fchl. Modernes Design vermischt sich mit traditionellem Charme, wohlriechendes Holz schafft W\u00e4rme und Behaglichkeit.<\/p>\n<p>Ferienwohnung und Appartement befinden sich in unserem vor kurzem gebauten Wohnhaus und erwarten Sie in Ortsrandlage, mit verschiedenen Terrassen rund ums Haus, auf denen Sie die Sonne und den herrlichen Blick in die Berge genie\u00dfen k\u00f6nnen.<\/p>\n<div id=\"attachment_325\" style=\"width: 310px\" class=\"wp-caption alignnone\"><a href=\"https:\/\/ferienwohnungwertach.de\/wp-content\/uploads\/2016\/01\/DSC01682.jpg\"><img loading=\"lazy\" decoding=\"async\" aria-describedby=\"caption-attachment-325\" class=\"size-medium wp-image-325\" src=\"https:\/\/ferienwohnungwertach.de\/wp-content\/uploads\/2016\/01\/DSC01682-300x199.jpg\" alt=\"Blick in die Berge\" width=\"300\" height=\"199\" srcset=\"https:\/\/ferienwohnungwertach.de\/wp-content\/uploads\/2016\/01\/DSC01682-300x199.jpg 300w, https:\/\/ferienwohnungwertach.de\/wp-content\/uploads\/2016\/01\/DSC01682-1024x681.jpg 1024w\" sizes=\"auto, (max-width: 300px) 100vw, 300px\" \/><\/a><p id=\"caption-attachment-325\" class=\"wp-caption-text\">Blick in die Berge<\/p><\/div>\n<p><a href=\"https:\/\/ferienwohnungwertach.de\/wp-content\/uploads\/2014\/03\/P1000023.jpg\"><img loading=\"lazy\" decoding=\"async\" class=\"alignnone wp-image-842 size-medium\" src=\"https:\/\/ferienwohnungwertach.de\/wp-content\/uploads\/2014\/03\/P1000023-300x224.jpg\" alt=\"\" width=\"300\" height=\"224\" srcset=\"https:\/\/ferienwohnungwertach.de\/wp-content\/uploads\/2014\/03\/P1000023-300x224.jpg 300w, https:\/\/ferienwohnungwertach.de\/wp-content\/uploads\/2014\/03\/P1000023-1024x767.jpg 1024w\" sizes=\"auto, (max-width: 300px) 100vw, 300px\" \/><\/a><\/p>\n<p>FERIENWOHNUNG *AMBIENTE* :\u00a0 2-Zimmer-Chalet-Ferienwohnung. Der Wohn- und E\u00dfbereich (mit moderner Einbauk\u00fcche) ist durch eine Treppe mit Schlafzimmer und Bad verbunden.<br \/>\nAusstattung: Internet, 2 TV, Naturholzparkett, Fu\u00dfbodenheizung, Fliegenschutzgitter, allergikerfreundlich.<br \/>\nOptimal f\u00fcr 2 Personen (mit Kind), maximal f\u00fcr 4 Personen (kurzfristige Aufenthalte).<\/p>\n<div id=\"attachment_388\" style=\"width: 310px\" class=\"wp-caption alignnone\"><a href=\"https:\/\/ferienwohnungwertach.de\/wp-content\/uploads\/2014\/04\/20160428_163144.jpg\"><img loading=\"lazy\" decoding=\"async\" aria-describedby=\"caption-attachment-388\" class=\"size-medium wp-image-388\" src=\"https:\/\/ferienwohnungwertach.de\/wp-content\/uploads\/2014\/04\/20160428_163144-300x178.jpg\" alt=\"Wohn-\/Esszimmer mit Naturholzparkett\" width=\"300\" height=\"178\" srcset=\"https:\/\/ferienwohnungwertach.de\/wp-content\/uploads\/2014\/04\/20160428_163144-300x178.jpg 300w, https:\/\/ferienwohnungwertach.de\/wp-content\/uploads\/2014\/04\/20160428_163144-1024x608.jpg 1024w, https:\/\/ferienwohnungwertach.de\/wp-content\/uploads\/2014\/04\/20160428_163144.jpg 1920w\" sizes=\"auto, (max-width: 300px) 100vw, 300px\" \/><\/a><p id=\"caption-attachment-388\" class=\"wp-caption-text\">Wohn-\/Esszimmer mit Naturholzparkett<\/p><\/div>\n<div id=\"attachment_322\" style=\"width: 310px\" class=\"wp-caption alignnone\"><a href=\"https:\/\/ferienwohnungwertach.de\/wp-content\/uploads\/2014\/03\/DSC01923.jpg\"><img loading=\"lazy\" decoding=\"async\" aria-describedby=\"caption-attachment-322\" class=\"size-medium wp-image-322\" src=\"https:\/\/ferienwohnungwertach.de\/wp-content\/uploads\/2014\/03\/DSC01923-300x199.jpg\" alt=\"Schlafzimmer mit wundersch\u00f6nem Sichtdachstuhl\" width=\"300\" height=\"199\" srcset=\"https:\/\/ferienwohnungwertach.de\/wp-content\/uploads\/2014\/03\/DSC01923-300x199.jpg 300w, https:\/\/ferienwohnungwertach.de\/wp-content\/uploads\/2014\/03\/DSC01923-1024x681.jpg 1024w\" sizes=\"auto, (max-width: 300px) 100vw, 300px\" \/><\/a><p id=\"caption-attachment-322\" class=\"wp-caption-text\">Schlafzimmer mit wundersch\u00f6nem Sichtdachstuhl<\/p><\/div>\n<p>Appartement\/Zimmer *AMBIENTE* :\u00a0 Komfortabel und gem\u00fctlich eingerichtet, hell und sonnig. Gro\u00dfes Wohn-\/Schlafzimmer (mit S\u00fcdblick in die Berge), Diele mit Minik\u00fcche, modernes Bad, eigener Eingang im Halb-Souterrain.<br \/>\nAusstattung: Fu\u00dfbodenheizung, Internet, TV, kleiner Kachelofen, Fliegenschutzgitter, allergikerfreundlich. Das gro\u00dfe Fenster nach S\u00fcden sorgt f\u00fcr ein helles und sonniges Ambiente mit Bergblick. Im Winter strahlt der kleine Kachelofen eine behagliche W\u00e4rme aus. Minik\u00fcche, Wasserkocher, Kaffeemaschine, Toaster, Geschirr, Besteck, sonstige Kleinigkeiten f\u00fcr den t\u00e4glichen Bedarf, &#8230;<br \/>\nOptimal f\u00fcr 2 Personen. Auf Wunsch kann f\u00fcr eine dritte Person der Schlafsessel zu einem bequemen G\u00e4stebett ausgezogen werden.<\/p>\n<div id=\"attachment_324\" style=\"width: 310px\" class=\"wp-caption alignnone\"><a href=\"https:\/\/ferienwohnungwertach.de\/wp-content\/uploads\/2016\/01\/DSC01948.jpg\"><img loading=\"lazy\" decoding=\"async\" aria-describedby=\"caption-attachment-324\" class=\"size-medium wp-image-324\" src=\"https:\/\/ferienwohnungwertach.de\/wp-content\/uploads\/2016\/01\/DSC01948-300x199.jpg\" alt=\"grosses Wohn-\/Schlafzimmer mit Fussbodenheizung\" width=\"300\" height=\"199\" srcset=\"https:\/\/ferienwohnungwertach.de\/wp-content\/uploads\/2016\/01\/DSC01948-300x199.jpg 300w, https:\/\/ferienwohnungwertach.de\/wp-content\/uploads\/2016\/01\/DSC01948-1024x681.jpg 1024w\" sizes=\"auto, (max-width: 300px) 100vw, 300px\" \/><\/a><p id=\"caption-attachment-324\" class=\"wp-caption-text\">grosses Wohn-\/Schlafzimmer mit Fussbodenheizung<\/p><\/div>\n<p>Geh- und Wanderwege befinden sich in unmittelbarer N\u00e4he (die LOURDES &#8211; Grotte in 100m), der Ortskern (mit Einkaufsm\u00f6glichkeiten, Gasth\u00f6fen, u.v.m.) ist in wenigen Gehminuten erreichbar.<\/p>\n<p>Auch ist WERTACH ein idealer Ausgangspunkt f\u00fcr viele sportliche Aktivit\u00e4ten (Wandern, Schwimmen, Mountainbiken, Skifahren z.B. in Wertach, Nesselwang, Jungholz, Oberjoch, Tannheimer Tal &#8230;) und Unternehmungen jeglicher Art (Nesselwang, F\u00fcssen, Schloss Neuschwanstein, Sonthofen, Oberstdorf, Kleinwalsertal &#8230;)<\/p>\n","protected":false},"excerpt":{"rendered":"<p>Verbringen Sie Ihre sch\u00f6nsten Tage im Jahr im Haus *AMBIENTE* : FERIENWOHNUNG\u00a0 und\u00a0 APPARTEMENT\/ZIMMER *AMBIENTE* Sie m\u00f6chten es modern und doch ein bi\u00dfchen kuschlig traditionell? Unser Haus *AMBIENTE* sorgt f\u00fcr absolutes Wohlgef\u00fchl. Modernes Design vermischt sich mit traditionellem Charme, wohlriechendes&#8230;<\/p>\n","protected":false},"author":1,"featured_media":0,"parent":0,"menu_order":0,"comment_status":"closed","ping_status":"closed","template":"","meta":{"footnotes":""},"class_list":["post-45","page","type-page","status-publish","hentry"],"_links":{"self":[{"href":"https:\/\/ferienwohnungwertach.de\/index.php?rest_route=\/wp\/v2\/pages\/45","targetHints":{"allow":["GET"]}}],"collection":[{"href":"https:\/\/ferienwohnungwertach.de\/index.php?rest_route=\/wp\/v2\/pages"}],"about":[{"href":"https:\/\/ferienwohnungwertach.de\/index.php?rest_route=\/wp\/v2\/types\/page"}],"author":[{"embeddable":true,"href":"https:\/\/ferienwohnungwertach.de\/index.php?rest_route=\/wp\/v2\/users\/1"}],"replies":[{"embeddable":true,"href":"https:\/\/ferienwohnungwertach.de\/index.php?rest_route=%2Fwp%2Fv2%2Fcomments&post=45"}],"version-history":[{"count":62,"href":"https:\/\/ferienwohnungwertach.de\/index.php?rest_route=\/wp\/v2\/pages\/45\/revisions"}],"predecessor-version":[{"id":913,"href":"https:\/\/ferienwohnungwertach.de\/index.php?rest_route=\/wp\/v2\/pages\/45\/revisions\/913"}],"wp:attachment":[{"href":"https:\/\/ferienwohnungwertach.de\/index.php?rest_route=%2Fwp%2Fv2%2Fmedia&parent=45"}],"curies":[{"name":"wp","href":"https:\/\/api.w.org\/{rel}","templated":true}]}}